{"id":16865,"date":"2025-07-31T13:54:38","date_gmt":"2025-07-31T11:54:38","guid":{"rendered":"https:\/\/sardegnabnb.it\/?post_type=listivo_listing&#038;p=16865"},"modified":"2025-07-31T13:54:38","modified_gmt":"2025-07-31T11:54:38","slug":"iris","status":"publish","type":"listivo_listing","link":"https:\/\/sardegnabnb.it\/quotazione\/iris\/","title":{"rendered":"IRIS"},"content":{"rendered":"<p>Confortevole, ampio e luminoso appartamento, circa 80 mq, inserito in una struttura composta in totale da quattro appartamenti, circondata da giardino recintato con posto auto, barbecue, forno a legna, docce esterne dotate di acqua riscaldata. Dotato di ampie finestre e terrazzo che affaccia sul magnifico panorama della vallata da cui si intravede uno scorcio di mare. Posizione strategica per visitare le pi\u00f9 belle spiagge della costa sud orientale, la stupenda spiaggia di Solanas \u00e8 la pi\u00f9 vicina e dista appena 2,8 km, Villasimius si trova a 11 km, Costa Rey \u00e8 raggiungibile in venti minuti tramite scorrevoli\u00a0 strade di collegamento, anche Cagliari citt\u00e0 \u00e8 facilmente raggiungibile per la movida. Sullo stesso piano della casa sono situati due appartamenti con un un ampio terrazzo antistante, questo rende gradevole una vacanza condivisa tra pi\u00f9 famiglie o gruppi che intendono condividere momenti ma mantenere la privacy, affittando due appartamenti vicini.<\/p>\n","protected":false},"author":47,"template":"","listivo_14":["Appartamento"],"listivo_5495":["Cerca alloggio"],"listivo_9508":["Cagliari e provincia"],"listivo_4661":["Animali solo piccola taglia","Aria condizionata","Balcone","Bollitore","Cucina","Frigorifero","Giardino","Lavatrice"],"listivo_16399":["Parcheggio di Propriet\u00e0 o Riservato","Parcheggio nelle Vicinanze"],"class_list":["post-16865","listivo_listing","type-listivo_listing","status-publish","hentry","listivo_14-appartamento","listivo_5495-cerca-alloggio-in-affitto","listivo_9508-cagliari","listivo_4661-animali-solo-piccola-taglia","listivo_4661-air-conditioning","listivo_4661-balcony","listivo_4661-bollitore","listivo_4661-kitchen","listivo_4661-refrigerator","listivo_4661-garden","listivo_4661-washer","listivo_16399-parcheggio-di-proprieta-o-riservato","listivo_16399-parcheggio-nelle-vicinanze"],"yoast_head":"<!-- This site is optimized with the Yoast SEO plugin v27.5 - https:\/\/yoast.com\/product\/yoast-seo-wordpress\/ -->\n<title>IRIS - Sardegnabnb.it - Casa vacanza - B&amp;B - Stanze \u2013 Affittacamere<\/title>\n<meta name=\"robots\" content=\"index, follow, max-snippet:-1, max-image-preview:large, max-video-preview:-1\" \/>\n<link rel=\"canonical\" href=\"https:\/\/sardegnabnb.it\/quotazione\/iris\/\" \/>\n<meta property=\"og:locale\" content=\"it_IT\" \/>\n<meta property=\"og:type\" content=\"article\" \/>\n<meta property=\"og:title\" content=\"IRIS - Sardegnabnb.it - Casa vacanza - B&amp;B - Stanze \u2013 Affittacamere\" \/>\n<meta property=\"og:description\" content=\"Confortevole, ampio e luminoso appartamento, circa 80 mq, inserito in una struttura composta in totale da quattro appartamenti, circondata da giardino recintato con posto auto, barbecue, forno a legna, docce esterne dotate di acqua riscaldata. Dotato di ampie finestre e terrazzo che affaccia sul magnifico panorama della vallata da cui si intravede uno scorcio di [&hellip;]\" \/>\n<meta property=\"og:url\" content=\"https:\/\/sardegnabnb.it\/quotazione\/iris\/\" \/>\n<meta property=\"og:site_name\" content=\"Sardegnabnb.it - Casa vacanza - B&amp;B - Stanze \u2013 Affittacamere\" \/>\n<meta property=\"article:publisher\" content=\"https:\/\/www.facebook.com\/bnbeur\/\" \/>\n<meta name=\"twitter:card\" content=\"summary_large_image\" \/>\n<meta name=\"twitter:label1\" content=\"Tempo di lettura stimato\" \/>\n\t<meta name=\"twitter:data1\" content=\"1 minuto\" \/>\n<script type=\"application\/ld+json\" class=\"yoast-schema-graph\">{\"@context\":\"https:\\\/\\\/schema.org\",\"@graph\":[{\"@type\":\"WebPage\",\"@id\":\"https:\\\/\\\/sardegnabnb.it\\\/quotazione\\\/iris\\\/\",\"url\":\"https:\\\/\\\/sardegnabnb.it\\\/quotazione\\\/iris\\\/\",\"name\":\"IRIS - Sardegnabnb.it - Casa vacanza - B&amp;B - Stanze \u2013 Affittacamere\",\"isPartOf\":{\"@id\":\"https:\\\/\\\/sardegnabnb.it\\\/#website\"},\"datePublished\":\"2025-07-31T11:54:38+00:00\",\"breadcrumb\":{\"@id\":\"https:\\\/\\\/sardegnabnb.it\\\/quotazione\\\/iris\\\/#breadcrumb\"},\"inLanguage\":\"it-IT\",\"potentialAction\":[{\"@type\":\"ReadAction\",\"target\":[\"https:\\\/\\\/sardegnabnb.it\\\/quotazione\\\/iris\\\/\"]}]},{\"@type\":\"BreadcrumbList\",\"@id\":\"https:\\\/\\\/sardegnabnb.it\\\/quotazione\\\/iris\\\/#breadcrumb\",\"itemListElement\":[{\"@type\":\"ListItem\",\"position\":1,\"name\":\"Home\",\"item\":\"https:\\\/\\\/sardegnabnb.it\\\/\"},{\"@type\":\"ListItem\",\"position\":2,\"name\":\"Annunci\",\"item\":\"https:\\\/\\\/sardegnabnb.it\\\/annunci\\\/\"},{\"@type\":\"ListItem\",\"position\":3,\"name\":\"IRIS\"}]},{\"@type\":\"WebSite\",\"@id\":\"https:\\\/\\\/sardegnabnb.it\\\/#website\",\"url\":\"https:\\\/\\\/sardegnabnb.it\\\/\",\"name\":\"Sardegna BnB - Casa vacanza - B&B - Stanze \u2013 Affittacamere\",\"description\":\"Sardegna BnB -  Affitta una stanza - Affitta un alloggio\",\"publisher\":{\"@id\":\"https:\\\/\\\/sardegnabnb.it\\\/#organization\"},\"potentialAction\":[{\"@type\":\"SearchAction\",\"target\":{\"@type\":\"EntryPoint\",\"urlTemplate\":\"https:\\\/\\\/sardegnabnb.it\\\/?s={search_term_string}\"},\"query-input\":{\"@type\":\"PropertyValueSpecification\",\"valueRequired\":true,\"valueName\":\"search_term_string\"}}],\"inLanguage\":\"it-IT\"},{\"@type\":\"Organization\",\"@id\":\"https:\\\/\\\/sardegnabnb.it\\\/#organization\",\"name\":\"Sardegna BnB - Casa vacanza - B&B - Stanze \u2013 Affittacamere\",\"url\":\"https:\\\/\\\/sardegnabnb.it\\\/\",\"logo\":{\"@type\":\"ImageObject\",\"inLanguage\":\"it-IT\",\"@id\":\"https:\\\/\\\/sardegnabnb.it\\\/#\\\/schema\\\/logo\\\/image\\\/\",\"url\":\"\",\"contentUrl\":\"\",\"caption\":\"Sardegna BnB - Casa vacanza - B&B - Stanze \u2013 Affittacamere\"},\"image\":{\"@id\":\"https:\\\/\\\/sardegnabnb.it\\\/#\\\/schema\\\/logo\\\/image\\\/\"},\"sameAs\":[\"https:\\\/\\\/www.facebook.com\\\/bnbeur\\\/\"]}]}<\/script>\n<!-- \/ Yoast SEO plugin. -->","yoast_head_json":{"title":"IRIS - Sardegnabnb.it - Casa vacanza - B&amp;B - Stanze \u2013 Affittacamere","robots":{"index":"index","follow":"follow","max-snippet":"max-snippet:-1","max-image-preview":"max-image-preview:large","max-video-preview":"max-video-preview:-1"},"canonical":"https:\/\/sardegnabnb.it\/quotazione\/iris\/","og_locale":"it_IT","og_type":"article","og_title":"IRIS - Sardegnabnb.it - Casa vacanza - B&amp;B - Stanze \u2013 Affittacamere","og_description":"Confortevole, ampio e luminoso appartamento, circa 80 mq, inserito in una struttura composta in totale da quattro appartamenti, circondata da giardino recintato con posto auto, barbecue, forno a legna, docce esterne dotate di acqua riscaldata. Dotato di ampie finestre e terrazzo che affaccia sul magnifico panorama della vallata da cui si intravede uno scorcio di [&hellip;]","og_url":"https:\/\/sardegnabnb.it\/quotazione\/iris\/","og_site_name":"Sardegnabnb.it - Casa vacanza - B&amp;B - Stanze \u2013 Affittacamere","article_publisher":"https:\/\/www.facebook.com\/bnbeur\/","twitter_card":"summary_large_image","twitter_misc":{"Tempo di lettura stimato":"1 minuto"},"schema":{"@context":"https:\/\/schema.org","@graph":[{"@type":"WebPage","@id":"https:\/\/sardegnabnb.it\/quotazione\/iris\/","url":"https:\/\/sardegnabnb.it\/quotazione\/iris\/","name":"IRIS - Sardegnabnb.it - Casa vacanza - B&amp;B - Stanze \u2013 Affittacamere","isPartOf":{"@id":"https:\/\/sardegnabnb.it\/#website"},"datePublished":"2025-07-31T11:54:38+00:00","breadcrumb":{"@id":"https:\/\/sardegnabnb.it\/quotazione\/iris\/#breadcrumb"},"inLanguage":"it-IT","potentialAction":[{"@type":"ReadAction","target":["https:\/\/sardegnabnb.it\/quotazione\/iris\/"]}]},{"@type":"BreadcrumbList","@id":"https:\/\/sardegnabnb.it\/quotazione\/iris\/#breadcrumb","itemListElement":[{"@type":"ListItem","position":1,"name":"Home","item":"https:\/\/sardegnabnb.it\/"},{"@type":"ListItem","position":2,"name":"Annunci","item":"https:\/\/sardegnabnb.it\/annunci\/"},{"@type":"ListItem","position":3,"name":"IRIS"}]},{"@type":"WebSite","@id":"https:\/\/sardegnabnb.it\/#website","url":"https:\/\/sardegnabnb.it\/","name":"Sardegna BnB - Casa vacanza - B&B - Stanze \u2013 Affittacamere","description":"Sardegna BnB -  Affitta una stanza - Affitta un alloggio","publisher":{"@id":"https:\/\/sardegnabnb.it\/#organization"},"potentialAction":[{"@type":"SearchAction","target":{"@type":"EntryPoint","urlTemplate":"https:\/\/sardegnabnb.it\/?s={search_term_string}"},"query-input":{"@type":"PropertyValueSpecification","valueRequired":true,"valueName":"search_term_string"}}],"inLanguage":"it-IT"},{"@type":"Organization","@id":"https:\/\/sardegnabnb.it\/#organization","name":"Sardegna BnB - Casa vacanza - B&B - Stanze \u2013 Affittacamere","url":"https:\/\/sardegnabnb.it\/","logo":{"@type":"ImageObject","inLanguage":"it-IT","@id":"https:\/\/sardegnabnb.it\/#\/schema\/logo\/image\/","url":"","contentUrl":"","caption":"Sardegna BnB - Casa vacanza - B&B - Stanze \u2013 Affittacamere"},"image":{"@id":"https:\/\/sardegnabnb.it\/#\/schema\/logo\/image\/"},"sameAs":["https:\/\/www.facebook.com\/bnbeur\/"]}]}},"listivo_16225":["IT092080C2000Q9013"],"listivo_11466":["Via delle Begonie 16 Solanas"],"listivo_16389":["NO"],"listivo_5462":["3"],"listivo_11358":["1"],"listivo_11353":["N. posti letto 6"],"listivo_5463":["1"],"listivo_130":[],"listivo_5974":["Da \u20ac80 notte"],"listivo_11387":"","listivo_11386":"","listivo_16716":"","listivo_11388":"","listivo_11389":"","listivo_16224":"","listivo_145":["https:\/\/sardegnabnb.it\/wp-content\/uploads\/2025\/07\/IMG-20250608-WA0023.jpg","https:\/\/sardegnabnb.it\/wp-content\/uploads\/2025\/07\/terrazzo.jpg","https:\/\/sardegnabnb.it\/wp-content\/uploads\/2025\/07\/esterno.jpg","https:\/\/sardegnabnb.it\/wp-content\/uploads\/2025\/07\/lavello.jpg","https:\/\/sardegnabnb.it\/wp-content\/uploads\/2025\/07\/divano-letto.jpg","https:\/\/sardegnabnb.it\/wp-content\/uploads\/2025\/07\/letto-matr.jpg","https:\/\/sardegnabnb.it\/wp-content\/uploads\/2025\/07\/2-singoli.jpg","https:\/\/sardegnabnb.it\/wp-content\/uploads\/2025\/07\/bagno2.jpg"],"listivo_11460":{"address":"Via delle Begonie, 16, 09048 Cuili Murvoni CA, Italia","location":{"lat":39.1578021,"lng":9.4415287}},"listivo_16855":[],"_links":{"self":[{"href":"https:\/\/sardegnabnb.it\/servizi\/wp\/v2\/listings\/16865","targetHints":{"allow":["GET"]}}],"collection":[{"href":"https:\/\/sardegnabnb.it\/servizi\/wp\/v2\/listings"}],"about":[{"href":"https:\/\/sardegnabnb.it\/servizi\/wp\/v2\/types\/listivo_listing"}],"author":[{"embeddable":true,"href":"https:\/\/sardegnabnb.it\/servizi\/wp\/v2\/users\/47"}],"version-history":[{"count":2,"href":"https:\/\/sardegnabnb.it\/servizi\/wp\/v2\/listings\/16865\/revisions"}],"predecessor-version":[{"id":17086,"href":"https:\/\/sardegnabnb.it\/servizi\/wp\/v2\/listings\/16865\/revisions\/17086"}],"wp:attachment":[{"href":"https:\/\/sardegnabnb.it\/servizi\/wp\/v2\/media?parent=16865"}],"wp:term":[{"taxonomy":"listivo_14","embeddable":true,"href":"https:\/\/sardegnabnb.it\/servizi\/wp\/v2\/listivo_14?post=16865"},{"taxonomy":"listivo_5495","embeddable":true,"href":"https:\/\/sardegnabnb.it\/servizi\/wp\/v2\/listivo_5495?post=16865"},{"taxonomy":"listivo_9508","embeddable":true,"href":"https:\/\/sardegnabnb.it\/servizi\/wp\/v2\/listivo_9508?post=16865"},{"taxonomy":"listivo_4661","embeddable":true,"href":"https:\/\/sardegnabnb.it\/servizi\/wp\/v2\/listivo_4661?post=16865"},{"taxonomy":"listivo_16399","embeddable":true,"href":"https:\/\/sardegnabnb.it\/servizi\/wp\/v2\/listivo_16399?post=16865"}],"curies":[{"name":"wp","href":"https:\/\/api.w.org\/{rel}","templated":true}]}}

<p>Confortevole, ampio e luminoso appartamento, circa 80 mq, inserito in una struttura composta in totale da quattro appartamenti, circondata da giardino recintato con posto auto, barbecue, forno a legna, docce esterne dotate di acqua riscaldata. Dotato di ampie finestre e terrazzo che affaccia sul magnifico panorama della vallata da cui si intravede uno scorcio di mare. Posizione strategica per visitare le più belle spiagge della costa sud orientale, la stupenda spiaggia di Solanas è la più vicina e dista appena 2,8 km, Villasimius si trova a 11 km, Costa Rey è raggiungibile in venti minuti tramite scorrevoli  strade di collegamento, anche Cagliari città è facilmente raggiungibile per la movida. Sullo stesso piano della casa sono situati due appartamenti con un un ampio terrazzo antistante, questo rende gradevole una vacanza condivisa tra più famiglie o gruppi che intendono condividere momenti ma mantenere la privacy, affittando due appartamenti vicini.</p>

Parcheggio di Proprietà o Riservato
