{"id":26530,"date":"2026-03-17T18:24:48","date_gmt":"2026-03-17T17:24:48","guid":{"rendered":"https:\/\/sardegnabnb.it\/?post_type=listivo_listing&#038;p=26530"},"modified":"2026-03-17T18:24:48","modified_gmt":"2026-03-17T17:24:48","slug":"notte-die","status":"publish","type":"listivo_listing","link":"https:\/\/sardegnabnb.it\/quotazione\/notte-die\/","title":{"rendered":"Nott&#8217;\u00e8 Die"},"content":{"rendered":"<p>Grazioso e di recente costruzione il Nott&#8217;\u00e8 Die rappresenta la met\u00e0 ideale per chi vuole soggiornare nella bella Olbia all&#8217;insegna del fascino e dello stile sardo per eccellenza.<\/p>\n","protected":false},"author":461,"template":"","listivo_14":["Bed and Breakfast"],"listivo_5495":["Cerca alloggio"],"listivo_9508":["Olbia e provincia"],"listivo_4661":["Animali solo piccola taglia","Aria condizionata","Bollitore","Frigorifero","Giardino","Lavatrice","Macchina Caff\u00e8 Espresso","Microonde","Phone Asciugacapelli","Rilevatore di monossido","Tv","WiFi"],"listivo_16399":["Parcheggio nelle Vicinanze"],"class_list":["post-26530","listivo_listing","type-listivo_listing","status-publish","hentry","listivo_14-bed-and-breakfast","listivo_5495-cerca-alloggio-in-affitto","listivo_9508-olbia","listivo_4661-animali-solo-piccola-taglia","listivo_4661-air-conditioning","listivo_4661-bollitore","listivo_4661-refrigerator","listivo_4661-garden","listivo_4661-washer","listivo_4661-macchina-caffe-espresso","listivo_4661-microwave","listivo_4661-phone-asciugacapelli","listivo_4661-rilevatore-di-monossido","listivo_4661-tv","listivo_4661-wifi","listivo_16399-parcheggio-nelle-vicinanze"],"yoast_head":"<!-- This site is optimized with the Yoast SEO plugin v27.5 - https:\/\/yoast.com\/product\/yoast-seo-wordpress\/ -->\n<title>Nott&#039;\u00e8 Die - Sardegnabnb.it - Casa vacanza - B&amp;B - Stanze \u2013 Affittacamere<\/title>\n<meta name=\"robots\" content=\"index, follow, max-snippet:-1, max-image-preview:large, max-video-preview:-1\" \/>\n<link rel=\"canonical\" href=\"https:\/\/sardegnabnb.it\/quotazione\/notte-die\/\" \/>\n<meta property=\"og:locale\" content=\"it_IT\" \/>\n<meta property=\"og:type\" content=\"article\" \/>\n<meta property=\"og:title\" content=\"Nott&#039;\u00e8 Die - Sardegnabnb.it - Casa vacanza - B&amp;B - Stanze \u2013 Affittacamere\" \/>\n<meta property=\"og:description\" content=\"Grazioso e di recente costruzione il Nott&#8217;\u00e8 Die rappresenta la met\u00e0 ideale per chi vuole soggiornare nella bella Olbia all&#8217;insegna del fascino e dello stile sardo per eccellenza.\" \/>\n<meta property=\"og:url\" content=\"https:\/\/sardegnabnb.it\/quotazione\/notte-die\/\" \/>\n<meta property=\"og:site_name\" content=\"Sardegnabnb.it - Casa vacanza - B&amp;B - Stanze \u2013 Affittacamere\" \/>\n<meta property=\"article:publisher\" content=\"https:\/\/www.facebook.com\/bnbeur\/\" \/>\n<meta name=\"twitter:card\" content=\"summary_large_image\" \/>\n<meta name=\"twitter:label1\" content=\"Tempo di lettura stimato\" \/>\n\t<meta name=\"twitter:data1\" content=\"1 minuto\" \/>\n<script type=\"application\/ld+json\" class=\"yoast-schema-graph\">{\"@context\":\"https:\\\/\\\/schema.org\",\"@graph\":[{\"@type\":\"WebPage\",\"@id\":\"https:\\\/\\\/sardegnabnb.it\\\/quotazione\\\/notte-die\\\/\",\"url\":\"https:\\\/\\\/sardegnabnb.it\\\/quotazione\\\/notte-die\\\/\",\"name\":\"Nott'\u00e8 Die - Sardegnabnb.it - Casa vacanza - B&amp;B - Stanze \u2013 Affittacamere\",\"isPartOf\":{\"@id\":\"https:\\\/\\\/sardegnabnb.it\\\/#website\"},\"datePublished\":\"2026-03-17T17:24:48+00:00\",\"breadcrumb\":{\"@id\":\"https:\\\/\\\/sardegnabnb.it\\\/quotazione\\\/notte-die\\\/#breadcrumb\"},\"inLanguage\":\"it-IT\",\"potentialAction\":[{\"@type\":\"ReadAction\",\"target\":[\"https:\\\/\\\/sardegnabnb.it\\\/quotazione\\\/notte-die\\\/\"]}]},{\"@type\":\"BreadcrumbList\",\"@id\":\"https:\\\/\\\/sardegnabnb.it\\\/quotazione\\\/notte-die\\\/#breadcrumb\",\"itemListElement\":[{\"@type\":\"ListItem\",\"position\":1,\"name\":\"Home\",\"item\":\"https:\\\/\\\/sardegnabnb.it\\\/\"},{\"@type\":\"ListItem\",\"position\":2,\"name\":\"Annunci\",\"item\":\"https:\\\/\\\/sardegnabnb.it\\\/annunci\\\/\"},{\"@type\":\"ListItem\",\"position\":3,\"name\":\"Nott&#8217;\u00e8 Die\"}]},{\"@type\":\"WebSite\",\"@id\":\"https:\\\/\\\/sardegnabnb.it\\\/#website\",\"url\":\"https:\\\/\\\/sardegnabnb.it\\\/\",\"name\":\"Sardegna BnB - Casa vacanza - B&B - Stanze \u2013 Affittacamere\",\"description\":\"Sardegna BnB -  Affitta una stanza - Affitta un alloggio\",\"publisher\":{\"@id\":\"https:\\\/\\\/sardegnabnb.it\\\/#organization\"},\"potentialAction\":[{\"@type\":\"SearchAction\",\"target\":{\"@type\":\"EntryPoint\",\"urlTemplate\":\"https:\\\/\\\/sardegnabnb.it\\\/?s={search_term_string}\"},\"query-input\":{\"@type\":\"PropertyValueSpecification\",\"valueRequired\":true,\"valueName\":\"search_term_string\"}}],\"inLanguage\":\"it-IT\"},{\"@type\":\"Organization\",\"@id\":\"https:\\\/\\\/sardegnabnb.it\\\/#organization\",\"name\":\"Sardegna BnB - Casa vacanza - B&B - Stanze \u2013 Affittacamere\",\"url\":\"https:\\\/\\\/sardegnabnb.it\\\/\",\"logo\":{\"@type\":\"ImageObject\",\"inLanguage\":\"it-IT\",\"@id\":\"https:\\\/\\\/sardegnabnb.it\\\/#\\\/schema\\\/logo\\\/image\\\/\",\"url\":\"\",\"contentUrl\":\"\",\"caption\":\"Sardegna BnB - Casa vacanza - B&B - Stanze \u2013 Affittacamere\"},\"image\":{\"@id\":\"https:\\\/\\\/sardegnabnb.it\\\/#\\\/schema\\\/logo\\\/image\\\/\"},\"sameAs\":[\"https:\\\/\\\/www.facebook.com\\\/bnbeur\\\/\"]}]}<\/script>\n<!-- \/ Yoast SEO plugin. -->","yoast_head_json":{"title":"Nott'\u00e8 Die - Sardegnabnb.it - Casa vacanza - B&amp;B - Stanze \u2013 Affittacamere","robots":{"index":"index","follow":"follow","max-snippet":"max-snippet:-1","max-image-preview":"max-image-preview:large","max-video-preview":"max-video-preview:-1"},"canonical":"https:\/\/sardegnabnb.it\/quotazione\/notte-die\/","og_locale":"it_IT","og_type":"article","og_title":"Nott'\u00e8 Die - Sardegnabnb.it - Casa vacanza - B&amp;B - Stanze \u2013 Affittacamere","og_description":"Grazioso e di recente costruzione il Nott&#8217;\u00e8 Die rappresenta la met\u00e0 ideale per chi vuole soggiornare nella bella Olbia all&#8217;insegna del fascino e dello stile sardo per eccellenza.","og_url":"https:\/\/sardegnabnb.it\/quotazione\/notte-die\/","og_site_name":"Sardegnabnb.it - Casa vacanza - B&amp;B - Stanze \u2013 Affittacamere","article_publisher":"https:\/\/www.facebook.com\/bnbeur\/","twitter_card":"summary_large_image","twitter_misc":{"Tempo di lettura stimato":"1 minuto"},"schema":{"@context":"https:\/\/schema.org","@graph":[{"@type":"WebPage","@id":"https:\/\/sardegnabnb.it\/quotazione\/notte-die\/","url":"https:\/\/sardegnabnb.it\/quotazione\/notte-die\/","name":"Nott'\u00e8 Die - Sardegnabnb.it - Casa vacanza - B&amp;B - Stanze \u2013 Affittacamere","isPartOf":{"@id":"https:\/\/sardegnabnb.it\/#website"},"datePublished":"2026-03-17T17:24:48+00:00","breadcrumb":{"@id":"https:\/\/sardegnabnb.it\/quotazione\/notte-die\/#breadcrumb"},"inLanguage":"it-IT","potentialAction":[{"@type":"ReadAction","target":["https:\/\/sardegnabnb.it\/quotazione\/notte-die\/"]}]},{"@type":"BreadcrumbList","@id":"https:\/\/sardegnabnb.it\/quotazione\/notte-die\/#breadcrumb","itemListElement":[{"@type":"ListItem","position":1,"name":"Home","item":"https:\/\/sardegnabnb.it\/"},{"@type":"ListItem","position":2,"name":"Annunci","item":"https:\/\/sardegnabnb.it\/annunci\/"},{"@type":"ListItem","position":3,"name":"Nott&#8217;\u00e8 Die"}]},{"@type":"WebSite","@id":"https:\/\/sardegnabnb.it\/#website","url":"https:\/\/sardegnabnb.it\/","name":"Sardegna BnB - Casa vacanza - B&B - Stanze \u2013 Affittacamere","description":"Sardegna BnB -  Affitta una stanza - Affitta un alloggio","publisher":{"@id":"https:\/\/sardegnabnb.it\/#organization"},"potentialAction":[{"@type":"SearchAction","target":{"@type":"EntryPoint","urlTemplate":"https:\/\/sardegnabnb.it\/?s={search_term_string}"},"query-input":{"@type":"PropertyValueSpecification","valueRequired":true,"valueName":"search_term_string"}}],"inLanguage":"it-IT"},{"@type":"Organization","@id":"https:\/\/sardegnabnb.it\/#organization","name":"Sardegna BnB - Casa vacanza - B&B - Stanze \u2013 Affittacamere","url":"https:\/\/sardegnabnb.it\/","logo":{"@type":"ImageObject","inLanguage":"it-IT","@id":"https:\/\/sardegnabnb.it\/#\/schema\/logo\/image\/","url":"","contentUrl":"","caption":"Sardegna BnB - Casa vacanza - B&B - Stanze \u2013 Affittacamere"},"image":{"@id":"https:\/\/sardegnabnb.it\/#\/schema\/logo\/image\/"},"sameAs":["https:\/\/www.facebook.com\/bnbeur\/"]}]}},"listivo_16225":["IT090047C1000F3559"],"listivo_11466":["Via Antonelli 11"],"listivo_16389":["SI"],"listivo_5462":["3"],"listivo_11358":[],"listivo_11353":["N. posti letto 6"],"listivo_5463":["3"],"listivo_130":[],"listivo_5974":["Da \u20ac50 notte"],"listivo_11387":"","listivo_11386":"","listivo_16716":"","listivo_11388":"","listivo_11389":"","listivo_16224":"","listivo_145":["https:\/\/sardegnabnb.it\/wp-content\/uploads\/2026\/03\/lUhmE0RMw-eeu0Vtdket3JjXLyMI5GXO_ZXWDkAMCqA.jpeg","https:\/\/sardegnabnb.it\/wp-content\/uploads\/2026\/03\/Vk_bJTc74NEbWIbRWkTBiEDMkcP0Y-PZBNYDtQIgHng.jpeg","https:\/\/sardegnabnb.it\/wp-content\/uploads\/2026\/03\/XI8PABK2R_N3at1gDrGUW24nv6vg-SOdSaF_LxTw_jk.jpeg","https:\/\/sardegnabnb.it\/wp-content\/uploads\/2026\/03\/ZyN1FfGLSCLjYzKGPSd1XOwDlSudS34X7OVJo0LfCE8.jpeg","https:\/\/sardegnabnb.it\/wp-content\/uploads\/2026\/03\/nubL_jeYsuhAWaZDASa71x_er1TRMwXmHt10KrkrBbE.jpeg","https:\/\/sardegnabnb.it\/wp-content\/uploads\/2026\/03\/laqmudXYKaFbsH_Z-837BmgLnHeVrn6JzxhzPqARTTA.jpeg","https:\/\/sardegnabnb.it\/wp-content\/uploads\/2026\/03\/L51b79J-JtmBG2R583tUDTwi-2FAWlI3d0yoPLZuTog.jpeg","https:\/\/sardegnabnb.it\/wp-content\/uploads\/2026\/03\/ZSjWQudLcNWxZ37VX1jVzGYrMlAYnH-5C3gCDvsuuvY.jpeg"],"listivo_11460":{"address":"Via Antonelli, 11, 07026 Olbia OT, Italia","location":{"lat":40.9330435,"lng":9.4995632}},"listivo_16855":[],"_links":{"self":[{"href":"https:\/\/sardegnabnb.it\/servizi\/wp\/v2\/listings\/26530","targetHints":{"allow":["GET"]}}],"collection":[{"href":"https:\/\/sardegnabnb.it\/servizi\/wp\/v2\/listings"}],"about":[{"href":"https:\/\/sardegnabnb.it\/servizi\/wp\/v2\/types\/listivo_listing"}],"author":[{"embeddable":true,"href":"https:\/\/sardegnabnb.it\/servizi\/wp\/v2\/users\/461"}],"version-history":[{"count":1,"href":"https:\/\/sardegnabnb.it\/servizi\/wp\/v2\/listings\/26530\/revisions"}],"predecessor-version":[{"id":26550,"href":"https:\/\/sardegnabnb.it\/servizi\/wp\/v2\/listings\/26530\/revisions\/26550"}],"wp:attachment":[{"href":"https:\/\/sardegnabnb.it\/servizi\/wp\/v2\/media?parent=26530"}],"wp:term":[{"taxonomy":"listivo_14","embeddable":true,"href":"https:\/\/sardegnabnb.it\/servizi\/wp\/v2\/listivo_14?post=26530"},{"taxonomy":"listivo_5495","embeddable":true,"href":"https:\/\/sardegnabnb.it\/servizi\/wp\/v2\/listivo_5495?post=26530"},{"taxonomy":"listivo_9508","embeddable":true,"href":"https:\/\/sardegnabnb.it\/servizi\/wp\/v2\/listivo_9508?post=26530"},{"taxonomy":"listivo_4661","embeddable":true,"href":"https:\/\/sardegnabnb.it\/servizi\/wp\/v2\/listivo_4661?post=26530"},{"taxonomy":"listivo_16399","embeddable":true,"href":"https:\/\/sardegnabnb.it\/servizi\/wp\/v2\/listivo_16399?post=26530"}],"curies":[{"name":"wp","href":"https:\/\/api.w.org\/{rel}","templated":true}]}}

Nott&#8217;è Die

<p>Grazioso e di recente costruzione il Nott&#8217;è Die rappresenta la metà ideale per chi vuole soggiornare nella bella Olbia all&#8217;insegna del fascino e dello stile sardo per eccellenza.</p>

Macchina Caffè Espresso

<!-- This site is optimized with the Yoast SEO plugin v27.5 - https://yoast.com/product/yoast-seo-wordpress/ -->
<title>Nott&#039;è Die - Sardegnabnb.it - Casa vacanza - B&amp;B - Stanze – Affittacamere</title>
<meta name="robots" content="index, follow, max-snippet:-1, max-image-preview:large, max-video-preview:-1" />
<link rel="canonical" href="https://sardegnabnb.it/quotazione/notte-die/" />
<meta property="og:locale" content="it_IT" />
<meta property="og:type" content="article" />
<meta property="og:title" content="Nott&#039;è Die - Sardegnabnb.it - Casa vacanza - B&amp;B - Stanze – Affittacamere" />
<meta property="og:description" content="Grazioso e di recente costruzione il Nott&#8217;è Die rappresenta la metà ideale per chi vuole soggiornare nella bella Olbia all&#8217;insegna del fascino e dello stile sardo per eccellenza." />
<meta property="og:url" content="https://sardegnabnb.it/quotazione/notte-die/" />
<meta property="og:site_name" content="Sardegnabnb.it - Casa vacanza - B&amp;B - Stanze – Affittacamere" />
<meta property="article:publisher" content="https://www.facebook.com/bnbeur/" />
<meta name="twitter:card" content="summary_large_image" />
<meta name="twitter:label1" content="Tempo di lettura stimato" />
	<meta name="twitter:data1" content="1 minuto" />
<script type="application/ld+json" class="yoast-schema-graph">{"@context":"https:\/\/schema.org","@graph":[{"@type":"WebPage","@id":"https:\/\/sardegnabnb.it\/quotazione\/notte-die\/","url":"https:\/\/sardegnabnb.it\/quotazione\/notte-die\/","name":"Nott'è Die - Sardegnabnb.it - Casa vacanza - B&amp;B - Stanze – Affittacamere","isPartOf":{"@id":"https:\/\/sardegnabnb.it\/#website"},"datePublished":"2026-03-17T17:24:48+00:00","breadcrumb":{"@id":"https:\/\/sardegnabnb.it\/quotazione\/notte-die\/#breadcrumb"},"inLanguage":"it-IT","potentialAction":[{"@type":"ReadAction","target":["https:\/\/sardegnabnb.it\/quotazione\/notte-die\/"]}]},{"@type":"BreadcrumbList","@id":"https:\/\/sardegnabnb.it\/quotazione\/notte-die\/#breadcrumb","itemListElement":[{"@type":"ListItem","position":1,"name":"Home","item":"https:\/\/sardegnabnb.it\/"},{"@type":"ListItem","position":2,"name":"Annunci","item":"https:\/\/sardegnabnb.it\/annunci\/"},{"@type":"ListItem","position":3,"name":"Nott&#8217;è Die"}]},{"@type":"WebSite","@id":"https:\/\/sardegnabnb.it\/#website","url":"https:\/\/sardegnabnb.it\/","name":"Sardegna BnB - Casa vacanza - B&B - Stanze – Affittacamere","description":"Sardegna BnB -  Affitta una stanza - Affitta un alloggio","publisher":{"@id":"https:\/\/sardegnabnb.it\/#organization"},"potentialAction":[{"@type":"SearchAction","target":{"@type":"EntryPoint","urlTemplate":"https:\/\/sardegnabnb.it\/?s={search_term_string}"},"query-input":{"@type":"PropertyValueSpecification","valueRequired":true,"valueName":"search_term_string"}}],"inLanguage":"it-IT"},{"@type":"Organization","@id":"https:\/\/sardegnabnb.it\/#organization","name":"Sardegna BnB - Casa vacanza - B&B - Stanze – Affittacamere","url":"https:\/\/sardegnabnb.it\/","logo":{"@type":"ImageObject","inLanguage":"it-IT","@id":"https:\/\/sardegnabnb.it\/#\/schema\/logo\/image\/","url":"","contentUrl":"","caption":"Sardegna BnB - Casa vacanza - B&B - Stanze – Affittacamere"},"image":{"@id":"https:\/\/sardegnabnb.it\/#\/schema\/logo\/image\/"},"sameAs":["https:\/\/www.facebook.com\/bnbeur\/"]}]}</script>
<!-- / Yoast SEO plugin. -->

Nott'è Die - Sardegnabnb.it - Casa vacanza - B&amp;B - Stanze – Affittacamere

Grazioso e di recente costruzione il Nott&#8217;è Die rappresenta la metà ideale per chi vuole soggiornare nella bella Olbia all&#8217;insegna del fascino e dello stile sardo per eccellenza.
